))/(18/(-120)) + -8?
11
Let y(p) = -p + 7. Let f be y(6). Suppose 0 = -m + f, -39 = -4*u + 3*m + 22. Let a(w) = 13*w + 9. What is the remainder when a(4) is divided by u?
13
Let u(x) = x**3 + 5*x**2 - x + 31. Let i(o) = o**3 + 2*o**2 - 2*o + 4. What is the remainder when u(-6) is divided by i(-3)?
0
Let c(n) = -13*n - 5. Calculate the remainder when 218 is divided by c(-6).
72
Let y be 20 - (3 - -1 - 4). Suppose -3*i - 2*r + 38 = -y, -r = -2. Suppose 2*c = 19 + 79. Calculate the remainder when c is divided by i.
13
Let b(a) = -a**3 + 8*a**2 + 13*a + 4. Let r be b(9). Let z = -23 + r. What is the remainder when 101 is divided by z?
16
Let t = -2576 - -2609. Suppose 0 = l - 21 - 17. Suppose 0 = 3*s + 4*x - l, 0 = -3*x - 1 - 11. Calculate the remainder when t is divided by s.
15
Let f(v) = 3*v**2 + 10*v. Let x be f(-4). What is the remainder when (-6)/((8/80)/((-2)/x)) is divided by 13?
2
Suppose -q + 2*a + 2 = 0, 5*q + 3*a - 2 = 8. Suppose -q*x = 3*x - 50. What is the remainder when x is divided by 3?
1
Suppose 3*m - 341 = -5*p, 272 = 4*p - 13*m + 15*m. What is the remainder when p is divided by 31?
5
Suppose -5*o + 7 = 4*y - 14, y - 7 = -3*o. Calculate the remainder when -6 - (-336)/(2 - -14) is divided by y.
3
Let j = 128 + -60. Calculate the remainder when j is divided by ((-243)/12)/(-1) + 6/(-24).
8
Let z be (-596)/28 + 36/28 + -1. Calculate the remainder when 76 is divided by -21*(z/9 + 2).
6
Let b = 128 + -117. What is the remainder when 49 is divided by b?
5
Let y be (-6)/(-15)*5/2. Let j = y - -5. Let k(s) = 2*s**2 - 10*s + 14. What is the remainder when 77 is divided by k(j)?
25
Calculate the remainder when 187 is divided by (44/18*-3)/(26/(-78)).
11
Let f = -8 + 10. Let b be (0/f)/(10/(-5)). Suppose 5*t - 197 - 103 = b. What is the remainder when t is divided by 31?
29
Suppose -416 + 101 = -21*c. What is the remainder when 112 is divided by c?
7
Suppose 2*w + 2*w = 44. Let b(g) = 2*g**3 + g**2 - 2*g + 1. Let o be b(1). Suppose o*y - 15 = -3. Calculate the remainder when w is divided by y.
5
Let q(a) = -3 + 2*a**2 + 3*a**2 + 7*a - 6*a**2. Let i(w) = -13*w + 172. Calculate the remainder when q(5) is divided by i(13).
1
Let a be (-1 - -16) + (7 - 11). Suppose -a = -3*l + 1. Suppose -2*j = -14 - l. Calculate the remainder when j is divided by 5.
4
Let u = -22 - -63. Suppose -61 = -5*d - 6. Calculate the remainder when u is divided by d.
8
Let y(k) = -k**2 - 7*k - 14. Let f be y(-7). What is the remainder when 5 is divided by ((-16)/f)/(4/14)?
1
Calculate the remainder when 50 is divided by ((-16)/10)/((-226)/1695).
2
Calculate the remainder when 27 is divided by (0 + (4 - 6))*-9.
9
Let j(v) = 66*v - 64. Let p(z) = 13*z - 13. Let m(n) = -3*j(n) + 16*p(n). Calculate the remainder when m(6) is divided by 24.
20
Let j be 14/2*(-9 + 11). Suppose -4*d - j = -102. Let o = d - 7. What is the remainder when 43 is divided by o?
13
Let y be 288/(-28) + -2 + 4/14. Suppose -5*x + x - 12 = 0. Calculate the remainder when 45 is divided by x - 1*(y + -3).
9
Let t(q) = 2*q**2 - 31*q + 12. Let o(c) = -4*c**2 + 62*c - 23. Let k(z) = -6*o(z) - 13*t(z). Calculate the remainder when k(13) is divided by 12.
11
Let y(h) = h**2 - 27*h + 191. Calculate the remainder when 219 is divided by y(15).
10
Suppose -9 = -5*h + 11. Suppose h*v - 472 = 2*i, 3*i + 2*i + 472 = 4*v. Suppose 60*b + 150 = 65*b. What is the remainder when v is divided by b?
28
Calculate the remainder when (334/(-8))/(21/56)*-3 is divided by 28.
26
Suppose 2*r - 135 = -2*n + r, 0 = r - 1. Let c(a) = 12*a - 49. Calculate the remainder when n is divided by c(6).
21
Suppose 2*z + f = 4*f - 10, -3*z - f + 7 = 0. What is the remainder when z is divided by (-10)/2 + (-54)/63*-7?
0
Suppose -3*m = -0*m - 6. Suppose m*a - 175 = -3*a. Calculate the remainder when a is divided by (0 - -13) + (11 - 12).
11
Suppose 5*q + 90 = 5*c, 69 = 8*c - 4*c - q. What is the remainder when 131 is divided by c?
12
Suppose -2*u - 1 - 1 = 0. Let k(r) = 37*r**2 + 2*r - 1. What is the remainder when 61 is divided by k(u)?
27
Let w(y) = -y**3 + 12*y**2 + 14*y + 20. What is the remainder when 122 is divided by w(13)?
23
Suppose 0 = 749*a - 752*a + 279. Calculate the remainder when 1301 is divided by a.
92
Let p = -445 - -483. What is the remainder when 74 is divided by p?
36
Let k(j) = 2*j**2 - 2*j + 12. Suppose 5*n = -5*d - 5, 4*n - 2*d = -0*n - 22. What is the remainder when k(n) is divided by 11?
8
Suppose 5*x + 2*z - 30 = 78, -3*z + 92 = 4*x. Let g be ((-6)/15)/((-2)/20). Suppose c + g*c = x. What is the remainder when 9 is divided by c?
1
Let h be (-2)/((-3)/((-18)/(-4))). Suppose 151 + 254 = h*z. Suppose 191 = 4*v + w, -w - z = -3*v + w. Calculate the remainder when v is divided by 10.
7
Let n(h) = -h**3 + 34*h**2 + 3*h - 74. Let x = 39 - -13. What is the remainder when x is divided by n(34)?
24
Suppose -8*i + 703 = -1113. What is the remainder when i is divided by 18?
11
What is the remainder when 140 is divided by 2/(-10) - (1932/15)/(-4)?
12
Let i = 232 + -216. What is the remainder when 59 is divided by i?
11
Let x(a) = -a**3 - 3*a**2 - 3*a + 6. What is the remainder when 147 is divided by x(-5)?
5
Suppose 18 = 5*x + c - 7, x - 2*c = 5. Suppose -13 = -o - x. Let d(l) = 11*l + 2. Calculate the remainder when d(1) is divided by o.
5
Let v(y) = y**2 + 4*y + 9. Let a(t) = t + 3. Suppose 2*c - 1 - 5 = 0. What is the remainder when v(-6) is divided by a(c)?
3
Let x = 267 - -50. What is the remainder when x is divided by 11?
9
Suppose y - 758 = -3*q, -31*y + 35*y + 763 = 3*q. Calculate the remainder when q is divided by 13.
6
Suppose 0 - 6 = -2*i. Suppose 14 = 10*y - 6. What is the remainder when 2 - (6/i)/(-2) is divided by y?
1
Let j(t) = 4*t - 62. What is the remainder when 90 is divided by j(27)?
44
Let f(p) = -108*p**3 + p**2 + 2*p + 1. Let d be f(-1). Let w = d - 82. Calculate the remainder when w is divided by 9.
8
Let v be -4 + 2 + -1 - 3. What is the remainder when (9/v*76)/(-6 - -4) is divided by 10?
7
What is the remainder when 75 is divided by ((-3 + 33)/((-6)/4))/(-1)?
15
Let x = -39 + 43. Suppose -2*w - w + 36 = 3*g, 20 = -x*w. Calculate the remainder when 67 is divided by g.
16
Let f(g) = 6*g + 7. What is the remainder when (-1)/((-8)/(-12))*(-188)/3 is divided by f(3)?
19
Let j = 9 + -2. Let z(n) = n**3 - 3*n**2 + 2*n - 1. Let o be z(3). Suppose 95 = 5*s - q, -2*s + s - 5 = -o*q. Calculate the remainder when s is divided by j.
6
Suppose 2*t - 175 = -3*t. Suppose 0 = -4*x + 68 - 20. Suppose -3*w = 3*s - 66, -2*s + x = s. What is the remainder when t is divided by w?
17
Let z(t) = 42*t**3 + t**2 + 4*t - 5. What is the remainder when -3 - (3392/4)/(-4) is divided by z(1)?
41
Suppose -61 = g - 278. Calculate the remainder when g is divided by 728/(-273)*33/(-2).
41
Suppose 0 = -2*f - 3*f - 1215. Let x = f + 376. What is the remainder when x is divided by 34?
31
Let k(t) = t**3 - 11*t**2 - 4*t - 3. Let s be k(10). Let c = s + 310. What is the remainder when c is divided by 34?
31
Let k = 381 - 254. What is the remainder when k is divided by 19?
13
Suppose -k + 3*l = -20, l - 10 = -2*k - 3*l. Let a = -14 + 21. Suppose -a*n = -137 - 164. Calculate the remainder when n is divided by k.
10
Let y be 2/(-4) + (-554)/(-4). Suppose 5*l + 8 = y. Calculate the remainder when l is divided by (96/(-20) + 2)/(1/(-5)).
12
Suppose -640 = -4*w - 4*a, -5*w + 21*a - 18*a = -808. What is the remainder when w is divided by 83?
78
Let o = 8 - 14. Let g(p) be the third derivative of p**5/60 + p**4/12 - p**3/3 - 35*p**2. What is the remainder when 64 is divided by g(o)?
20
Suppose -42*a = -624 - 216. Calculate the remainder when a is divided by 6.
2
Let f(n) be the second derivative of n**3 + 44*n**2 - 73*n. Let v(u) = -u + 3. What is the remainder when f(-10) is divided by v(-5)?
4
Let o(l) = -l**2 + 5*l + 88. Calculate the remainder when o(10) is divided by 23.
15
Let v(g) = -18*g. Let d be v(-1). Let n = -22 + d. Calculate the remainder when 14 + n/2 + 2 is divided by 5.
4
Suppose -11 = -4*t + 21. Suppose -6*z = t*z - 266. Calculate the remainder when z is divided by 9.
1
Let x(g) = g**2 - 3*g + 1. Let u = -21 + 15. Let w = u + 49. What is the remainder when w is divided by x(5)?
10
Suppose 3*n = -14*n + 8211. What is the remainder